*n**2 + 36*n + 34. What is a(19)?
-4
Let n(w) = 2*w**2 - 16*w - 1. Calculate n(8).
-1
Let j(x) = -x**3 + 3*x**2 + 3*x + 3. Give j(-4).
103
Let q(y) = -14*y + 105. Determine q(10).
-35
Let u(d) = -4*d - 25. Calculate u(-10).
15
Let p(v) = 2*v**2 + 3*v - 19. Calculate p(7).
100
Let o(f) = 3*f - 6. Determine o(6).
12
Let n(z) = 2*z**2 - 13*z - 60. What is n(11)?
39
Let r(s) = -s**2 + 15*s - 2. Determine r(8).
54
Let z(s) = 3*s**2 - 20*s - 2. Determine z(6).
-14
Let k(v) = -8*v**3 + v - 1. Give k(1).
-8
Let t(i) = -i**2 - 17*i - 68. Determine t(-6).
-2
Let h(n) = 10*n - 39. Calculate h(3).
-9
Let f(w) = -w**2 + 7*w + 10. Give f(8).
2
Let t(q) = -7*q + 15. Determine t(4).
-13
Let i(k) = -6*k + 10. Determine i(-12).
82
Let v(c) = -25*c**3 + 2*c - 1. Give v(1).
-24
Let s(t) = -2*t - 11. What is s(-9)?
7
Let r(c) = 165*c + 831. Give r(-5).
6
Let c(o) = 12*o + 1. Calculate c(-2).
-23
Let h(j) = 11*j + 5. Calculate h(-1).
-6
Let f(z) = 8*z - 300. What is f(38)?
4
Let r(m) = -4*m - 8. What is r(2)?
-16
Let f(y) = -10*y + 229. Give f(23).
-1
Let g(v) = -35*v - 6. Give g(2).
-76
Let h(o) = -o**3 + 6*o**2 + 2*o + 1. What is h(5)?
36
Let j(g) = g**3 + 3*g**2 + 17*g - 6. Determine j(-5).
-141
Let t(x) = x. What is t(-4)?
-4
Let o(k) = -3*k**2 - 5. Determine o(-2).
-17
Let p(f) = 3*f - 48. What is p(16)?
0
Let j(s) = -6*s**2 - 7*s - 1. Calculate j(-2).
-11
Let z(f) = 2*f + 1. Calculate z(1).
3
Let q(a) = 2*a - 8. Give q(8).
8
Let q(r) = r**3 - 5*r**2 + 2*r - 3. Give q(2).
-11
Let b(p) = -p**3 + 15*p**2 - 55*p - 11. Give b(9).
-20
Let l(k) = k**2 + 12*k + 8. Determine l(-9).
-19
Let t(w) = w**3 + 27*w**2 + 2. What is t(-27)?
2
Let p(c) = -15*c + 49. Calculate p(3).
4
Let b(u) = -24*u**2 + 1. Determine b(1).
-23
Let q(m) = -17*m - 160. Give q(-11).
27
Let h(j) = 4*j**2 - 23*j - 31. Determine h(7).
4
Let l(p) = -12*p + 42. What is l(6)?
-30
Let v(h) = -2*h**2 - 4*h - 2. Give v(-2).
-2
Let j(n) = 2*n**3 + 9*n**2 - 12*n - 5. What is j(-5)?
30
Let p(h) = 39*h + 2970. Determine p(-76).
6
Let n(o) = o**3 + 6*o**2 + 5*o + 3. Calculate n(-4).
15
Let a(f) = f. Determine a(-8).
-8
Let u(i) = -3*i**2 + 2*i + 2. What is u(-3)?
-31
Let r(m) = 8*m + 16. Give r(-3).
-8
Let x(s) = s**2 + 14*s + 3. What is x(-17)?
54
Let r(u) = -71*u - 146. Determine r(-2).
-4
Let d(s) = -s**3 - 2*s**2 - 14*s - 35. Calculate d(-3).
16
Let y(f) = -2*f**3 - 20*f**2 + f + 18. Calculate y(-10).
8
Let m(g) = 13*g - 288. What is m(22)?
-2
Let l(v) = -61*v - 488. Calculate l(-8).
0
Let u(g) = 25*g**3 + 4*g**2 + 6*g + 2. Determine u(-1).
-25
Let z(v) = v**3 - 27*v**2 - 92*v + 49. Calculate z(30).
-11
Let d(a) = -36*a**3 - 3*a**2 + a + 1. What is d(1)?
-37
Let q(s) = -s**2 + 12*s + 2. Calculate q(10).
22
Let i(d) = -d**2 - 2. Determine i(-3).
-11
Let w(k) = -k**2 - 13*k - 8. What is w(-12)?
4
Let s(j) = 5*j + 11. What is s(15)?
86
Let t(s) = 3*s**2 - 8*s - 3. Calculate t(6).
57
Let s(q) = -q**2 + 9*q + 5. Calculate s(10).
-5
Let i(q) = -q**3 - 2*q**2 - 9*q - 30. What is i(-3)?
6
Let z(j) = -j**2 + 17*j - 7. What is z(12)?
53
Let l(h) = 15*h**2 - 2*h + 2. What is l(2)?
58
Let a(q) = 3*q**2 - 34*q + 68. Give a(9).
5
Let b(r) = r**3 - 10*r**2 - 12*r + 5. Determine b(11).
-6
Let z(g) = -g - 25. Determine z(-18).
-7
Let y(b) = -b**2 + 4*b + 31. Determine y(9).
-14
Let c(i) = -i - 8. What is c(2)?
-10
Let t(j) = -22*j + 108. What is t(4)?
20
Let p(d) = -2*d**2 - 30*d + 28. What is p(-16)?
-4
Let y(u) = -u**2 - 4*u + 55. Give y(5).
10
Let g(i) = i**2 + 9*i + 2. Give g(-8).
-6
Let o(l) = l**3 + l**2 - 9. Give o(0).
-9
Let m(v) = v**3 + 13*v**2 + 11*v - 8. What is m(-12)?
4
Let u(d) = d**2 - 22*d + 117. Give u(12).
-3
Let i(x) = -x - 1. Determine i(4).
-5
Let l(d) = -4*d - 3. What is l(6)?
-27
Let r(o) = o**2 - 18*o + 45. What is r(16)?
13
Let o(h) = -72*h**3 + h. What is o(-1)?
71
Let w(p) = -3*p - 6. Give w(-5).
9
Let i(g) = 9*g + 14. What is i(-1)?
5
Let m(g) = g**2 + 17*g - 9. Calculate m(-20).
51
Let g(u) = 49*u - 387. Determine g(8).
5
Let q(f) = -f**2 + 36*f - 314. Give q(17).
9
Let l(y) = y**2 - 2*y - 16. Calculate l(6).
8
Let w(o) = 11*o - 160. Calculate w(14).
-6
Let d(c) = -c**2 - 11*c - 14. Calculate d(-2).
4
Let i(u) = 2*u**2 + 16*u + 37. Give i(-3).
7
Let c(q) = q**3 + 2*q**2 - 7*q + 11. Determine c(-4).
7
Let j(i) = i**2 - 10. What is j(7)?
39
Let r(x) = -13*x + 101. What is r(8)?
-3
Let l(n) = -n**2 + n + 83. Determine l(9).
11
Let p(l) = 10*l + 79. Determine p(-10).
-21
Let t(l) = -19*l + 192. What is t(10)?
2
Let u(a) = -a + 24. Determine u(20).
4
Let h(q) = q**2 - 6*q + 4. Determine h(3).
-5
Let o(x) = x + 10. Determine o(-5).
5
Let t(x) = -x**3 + 24*x**2 + 49*x + 76. Give t(26).
-2
Let k(h) = -12*h - 39. Calculate k(-5).
21
Let a(s) = -43*s - 2. Calculate a(-3).
127
Let h(j) = j**2 + 6*j + 10. Determine h(-9).
37
Let n(c) = 2*c**2 + 61*c + 20. What is n(-30)?
-10
Let z(b) = b**3 + b**2 - 42. Calculate z(0).
-42
Let p(h) = 2*h**2 - 56*h + 10. Give p(28).
10
Let c(a) = -a**2 + 18*a + 408. What is c(-13)?
5
Let s(z) = -z**3 - 12*z**2 + z + 15. Calculate s(-12).
3
Let y(v) = 3*v**3 - 2*v**2 + 6*v + 5. What is y(3)?
86
Let l(u) = 7*u**2 - 2*u - 1. Give l(3).
56
Let r(y) = -y + 20. What is r(19)?
1
Let w(v) = v**2 + 4*v + 7. Determine w(-3).
4
Let y(n) = n**2 - n - 11. Give y(4).
1
Let l(t) = 2*t**2 - 6*t - 5. Determine l(4).
3
Let p(i) = 32*i - 2. Calculate p(3).
94
Let g(t) = -2*t - 18. Give g(-10).
2
Let c(m) = -17*m - 13. Give c(-3).
38
Let i(n) = -12*n - 88. Calculate i(-4).
-40
Let d(y) = y**2 - 6*y - 1. Determine d(3).
-10
Let d(s) = s**2 + 2*s - 94. Give d(-11).
5
Let r(y) = 2*y**3 + 39*y**2 - 19*y + 11. Give r(-20).
-9
Let f(q) = -q**3 + 3*q**2 + 19*q - 8. Give f(8).
-176
Let n(w) = 4*w - 64. Determine n(19).
12
Let v(f) = -23*f - 9. Determine v(2).
-55
Let k(z) = -z**2 + 22*z + 33. Give k(24).
-15
Let h(u) = 123*u**3 - 2*u**2 - 3*u + 4. What is h(1)?
122
Let m(x) = x**2 - 11*x - 26. What is m(12)?
-14
Let w(x) = -x**3 + 2*x**2 + 3*x - 2. What is w(3)?
-2
Let k(d) = -69*d - 483. Determine k(-7).
0
Let s(l) = l**2 + 13*l + 18. Calculate s(-14).
32
Let n(w) = 2*w - 51. Calculate n(29).
7
Let k(n) = 4*n - 49. Calculate k(14).
7
Let t(a) = a**2 + 22*a - 15. Determine t(-24).
33
Let g(y) = -6*y**3 - 2*y**2 + 4*y - 3. Calculate g(1).
-7
Let u(v) = -42*v - 4. What is u(-3)?
122
Let z(k) = k**3 + 9*k**2 - 10*k - 12. What is z(-10)?
-12
Let j(f) = -17*f + 4. Calculate j(2).
-30
Let f(h) = -h**2 + 6*h + 3. Determine f(9).
-24
Let j(z) = 9*z - 33. Give j(6).
21
Let v(b) = -b**2 - 6*b - 8. Calculate v(-5).
-3
Let j(h) = h**3 + 4*h**2 - 3*h - 3. Calculate j(-2).
11
Let y(c) = c**3 + 3*c**2 - 5*c - 4. Calculate y(-4).
0
Let p(o) = o**2 + 8*o - 1. Give p(-10).
19
Let w(i) = i**2 - 10*i + 28. Give w(9).
19
Let t(d) = d**3 + 7*d**2 - 6*d - 18. Calculate t(-7).
24
Let x(a) = 2*a**2 - 6*a - 10. Give x(6).
26
Let t(m) = 8*m + 6. Give t(1).
14
Let i(s) = -44*s**2 + 5*s + 11. What is i(-2)?
-175
Let s(f) = 5*f**2 + 40*f - 43. What is s(-9)?
2
Let j(d) = 5*d - 26. Determine j(5).
-1
Let f(v) = v**3 - 7*v + 7. Give f(0).
7
Let r(o) = -o**3 - 12*o**2 - 5*o + 64. Give r(-11).
-2
Let c(y) = y**2 - 8*y. Determine c(12).
48
Let u(r) = -r**3 + 8*r**2 + 8*r - 84. Calculate u(7).
21
Let d(x) = -15*x + 2. What is d(0)?
2
Let d(v) = -2*v**3 + 3*v**2 + 4*v - 4. Calculate d(4).
-68
Let p(g) = -g**3 + 7*g**2 + 3*g - 43. Give p(6).
11
Let a(x) = 55*x + 433. Calculate a(-8).
-7
Let b(g) = -2*g + 6. What is b(5)?
-4
Let t(x) = -7*x - 174. Determine t(-24).
-6
Let n(w) = -w**3 - 33*w**2 + 73*w + 97. Determine n(-35).
-8
Let h(s) = -4*s**2 - 6*s - 3. Give h(-2).
-7
Let l(d) = -d**2 + 16*d - 91. Give l(9).
-28
Let k(q) = q - 11. Calculate k(-5).
-16
Let u(f) = f**3 + 3*f + 5. Calculate u(-2).
-9
Let t(n) = n**3 + 7*n**2 + 7*n + 8. Calculate t(-6).
2
Let i(b) = b + 4. What is i(1)?
5
Let g(c) = -c**2 + 3*c - 5. Calculate g(6).
-23
Let v(m) = 8*m. What is v(-11)?
-88
Let g(r) = -2*r**2 + 49*r - 30. Give g(24).
-6
Let j(a) = -2*a**2 - 43*a + 299. Determine j(-27).
2
Let w(m) = -3*m**2 + 24*m - 29. Give w(9).
-56
Let a(r) = r**2 + 11*r + 8. Give a(-5).
-22
Let j(v) = -v**2 - 3*v. Give j(5).
-40
Let n(m) = -4*m - 14. Determine n(16).
-78
Let u(x) = -x**3 + x - 3. Give u(2).
-9
Let o(v) = -v**3 + 6*v**2 + 12*v + 8. What is o(8)?
-24
